a - 4*j + 25 = 0. Suppose 22*y = 23*y - 21. Let f = y + a. What are the prime factors of f?
2
Suppose 3*u + 9 = -0*u. Let b = 2 - u. What are the prime factors of b?
5
Suppose 0 = 4*d + g + 7, -d - 3 = -g - 0. List the prime factors of (-174)/(-9) + d/(-3).
2, 5
Suppose 0*s = -4*s + 8. Let k(h) = -h**3 + 3*h**2 - 3*h + 2. Let c be k(s). Suppose 4*n + 0*n + 4*o - 60 = c, 2*n - 5*o = -5. What are the prime factors of n?
2, 5
Let i be (-4)/14 + 61/(-7). Let x = 13 + i. Suppose n - 25 = -x*n. List the prime factors of n.
5
Suppose -t - 5 = -2*t. Let f(l) = -l**3 - 11*l**2 - 11*l - 6. Let n be f(-10). Suppose -n*z - 2*b = -18, -t = 4*b + b. List the prime factors of z.
5
Suppose g = -g - 5*v - 16, 0 = -g - 3*v - 10. Suppose d - 4 = -4*b + g, b = 2*d - 30. What are the prime factors of d?
2, 7
Let n(o) = o**3 - 3*o**2 + 3*o - 3. What are the prime factors of n(3)?
2, 3
Let n = 15 + -48. Let p = 16 + n. Let y = -9 - p. List the prime factors of y.
2
Let f = 12 - 7. Let i(l) = -l**2 + 7*l - 1. Let h be i(6). Suppose -h*c = -20, -4*t = -3*c + f*c - 36. What are the prime factors of t?
7
Suppose -2*y = -3*d + 16, 0*y + 12 = 2*d - y. What are the prime factors of d?
2
Suppose 5*r - r + 4*u - 8 = 0, 3*r + u = 12. Suppose 19 = q - 3*v, 3*v = -q + 8 + r. What are the prime factors of q?
2
Let i = 34 - 14. Suppose -2*j = -5*u - i, 4*j = u + 10 + 12. Suppose -15 = 5*h, -4*k + j*h + 42 = -k. List the prime factors of k.
3
Let p = 110 + -90. List the prime factors of p.
2, 5
Let d be ((-12)/(-10))/(8/20). Suppose -d*y = 2*y + 2*z - 26, 3*z + 12 = y. Suppose 34 = 5*i - y. List the prime factors of i.
2
Let y be 4*3/((-3)/(-1)). Suppose 50 = y*u + u. List the prime factors of u.
2, 5
Suppose 0 = -y + 4*w - 13, 4*y = -w - 2 + 1. Let p(x) be the second derivative of 2*x**4/3 + x**2/2 - x. List the prime factors of p(y).
3
Let b be 12 + (2 - 5)/(-3). Let s = 10 + b. What are the prime factors of s?
23
Let l be (0 + 2)*(-6 + 7). Suppose 0 = -l*b + 18 + 2. List the prime factors of b.
2, 5
Let w be (-54)/(-8) - 15/20. Suppose 0 = -l + w. What are the prime factors of l*(-2 + 10/4)?
3
Let w(b) = -b**2 + 5*b + 5. Let q be w(5). Let v be (-34)/(-10) - (-4)/(-10). Suppose -2*y - q*d = 0, v*y - 31 = 4*d + 15. List the prime factors of y.
2, 5
Let p(m) = -91*m - 9. List the prime factors of p(-4).
5, 71
Suppose 0*k = -2*k + 2. Suppose -5*f = -2*f - 3. Let r = f + k. List the prime factors of r.
2
What are the prime factors of 170/50 + (-2)/5?
3
Let w = -66 + 162. Let h = -68 + w. What are the prime factors of h?
2, 7
Let k(y) = y**3 - 5*y**2 + 8*y - 9. Suppose -12 = -2*x + c, x - 1 = -2*c - 0. What are the prime factors of k(x)?
31
Suppose 2*c - 94 - 40 = -2*n, n + 317 = 5*c. What are the prime factors of c?
2
Let f(y) = -y + 16. Let r = -5 - -5. List the prime factors of f(r).
2
Suppose -4 = -3*i + 8. Let q be 2/i + 116/8. Suppose 5*m = 2*y - q, 3*m = 3*y - 2*m - 20. What are the prime factors of y?
5
Suppose s = 7*s - 48. List the prime factors of s.
2
What are the prime factors of ((-4)/6)/((-5)/525)?
2, 5, 7
Let q be 1192/12 - 1/3. Suppose 2*n - 38 = 2*d, 0*d + q = 5*n - 3*d. What are the prime factors of n?
3, 7
Suppose -77 = -p + d + 166, 243 = p - 5*d. List the prime factors of p.
3
Suppose 2*c + 706 = 4*b, 21 = 2*b + 3*c - 352. What are the prime factors of b?
179
Let w(y) = y**3 + 7*y**2 + 6*y + 6. Let x be w(-6). Suppose -b = -x - 10. List the prime factors of b.
2
Let w = -2 + 12. Suppose 6*d = d + w. What are the prime factors of d?
2
Suppose 320 + 62 = p. List the prime factors of p.
2, 191
Suppose 3*q - 15 = 0, -3*f + 3*q = -0*q + 6. Let s(m) = -2 + 2*m + f*m - 3*m. What are the prime factors of s(4)?
2, 3
Let m(h) = h**3 + 6*h**2 - 5*h - 2. Let r be m(-4). Let j = r + -11. What are the prime factors of j?
3, 13
Let d(x) = 11*x**2 - x + 1. Let g = -7 - -16. Suppose -4*f - 4*q + 16 = -8*q, 0 = -3*f + 2*q + g. What are the prime factors of d(f)?
11
Let c(k) = -2*k**2 + 21*k - 13. List the prime factors of c(9).
2, 7
Suppose -2*t = 1 + 7. Let s be ((-10)/(-3))/((-2)/6). Let g = t - s. List the prime factors of g.
2, 3
Let j(r) = 3*r + 1. Let y be j(1). Suppose -y*z - 80 = -9*z. List the prime factors of z.
2
Suppose 3*v = -h - v + 16, 0 = 2*h - v + 4. Let o(b) = b**3 + 8*b**2 + 8*b + 9. Let g be o(-7). Let w = h + g. List the prime factors of w.
2
Let u = -65 - -145. What are the prime factors of u?
2, 5
Suppose 4*m + 3*v - 3 = 0, 0 = -2*m + 5*v - 4 + 25. Suppose 44 = q + m*q. What are the prime factors of q?
11
Let z be (0 - 1 - -1)*1. Let s(h) = -3 + 0*h + z + 2*h. List the prime factors of s(6).
3
Let g = 89 - 48. List the prime factors of g.
41
Let x be 3 + (-12)/16*-4. Let j = -2 + x. List the prime factors of j.
2
Suppose -2*k + 44 - 5 = 5*j, 4*k - 2*j - 18 = 0. Suppose -k*t + 2*t = -60. What are the prime factors of t?
2, 3
Suppose -3*h + 14 + 1 = 0, -4*v + 2*h = -2. Suppose 3*t = -9, -2*z - 3*z + 109 = -v*t. List the prime factors of z.
2, 5
Suppose g + 2*g = 318. List the prime factors of g.
2, 53
Let h(c) = 3*c**2 + 11*c - 8. What are the prime factors of h(-7)?
2, 31
Let n(t) = -t**2 - 10*t - 7. Let i be -2*1 + (13 - 5). Suppose 26 = -2*d + 4*x, -i*d + x = -4*d + 17. What are the prime factors of n(d)?
2, 7
Let z(c) = -3*c + 6. Let b be z(-7). Suppose 4*t = 4*a - 25 - b, -2*a = t - 17. Suppose h + a = 5*x - 3, 43 = 5*h + 2*x. What are the prime factors of h?
7
Suppose 4*n + n = 15. Suppose -n*r + 27 = -24. What are the prime factors of (r + (2 - 2))/1?
17
Let x(c) = 190*c + 4. Let s be x(6). List the prime factors of s/24 - (-4)/(-6).
47
Let y = -112 + 186. List the prime factors of y.
2, 37
Let d = 83 - 14. List the prime factors of d.
3, 23
Suppose -42 - 6 = -8*a. List the prime factors of a.
2, 3
Let f(l) = l**2 - 8*l - 28. What are the prime factors of f(14)?
2, 7
Suppose 5*f = 7*f - 10. Suppose -12 = f*r - 57. What are the prime factors of r?
3
Let v(n) be the third derivative of -n**5/60 - 7*n**4/12 - 17*n**3/6 - 22*n**2. Suppose 2*i + 2*o = -28, 0 = -4*o - 5 - 3. List the prime factors of v(i).
7
Suppose -4*q + 5*y = -102, -5*q - 2*y + 113 = -y. What are the prime factors of q?
23
Suppose -2*f - 2 + 6 = 0. Let m(i) = 1 + 3*i**2 + i**3 - 2 + 2*i**f + i. What are the prime factors of m(-4)?
11
Suppose -4*o + 5*j = -0*o - 1053, -3*o - j = -766. What are the prime factors of o?
257
Let x = -6 + 6. Let a = x + 14. What are the prime factors of a?
2, 7
Suppose -y - 4*y = -2*b - 43, 4*b - 13 = -y. What are the prime factors of 159/y - 1/(-3)?
2, 3
Let y(w) = -w**3 - 4*w**2 - 5. Let o(v) = 2*v + 1. Let a be o(-3). What are the prime factors of y(a)?
2, 5
Let i(c) = -c**2 + 3*c + 2. Let b be i(3). Let l be ((-1)/b)/(3/(-6)). What are the prime factors of (-2)/(l*-2) + 7?
2
Suppose c + 12 = 4*c. Suppose 0 = 5*s + k - 55, 4*s - c*k = s + 33. List the prime factors of s.
11
Let i(a) = -a**3 + 4*a**2 + a - 2. Let r be i(4). Suppose 2*m + 38 = r*l, -4*m + 49 = 4*l - 67. List the prime factors of l.
2, 3
Let f be ((-2)/4)/(4/(-8)). Suppose -5*r = -36 + f. List the prime factors of r.
7
Let z(u) = -u**3 + 4*u**2 + 7*u - 5. Let h be z(5). Suppose 3*m = 2*m + h. What are the prime factors of (m - -2) + 1 - -2?
2, 5
Let g(h) = 5*h**2 - 11*h - 12. List the prime factors of g(6).
2, 3, 17
Let w = 7 + -5. Let d = -15 + 15. Let y = w - d. List the prime factors of y.
2
Let u(i) = -i**3. Let f be u(-1). Suppose 0 = -b - 3 + f. Let w(o) = -4*o - 2. List the prime factors of w(b).
2, 3
Let u be 42/(-12) - 2/4. Let r(y) be the third derivative of y**6/120 + y**5/12 + y**4/24 - y**3/3 - 2*y**2. List the prime factors of r(u).
2, 5
List the prime factors of ((-72)/(-3))/(6/4).
2
Let j(v) = -7 + 6 - 2*v + 5. Let p be j(3). List the prime factors of 22/(-6)*(p + -1).
11
Let h be (12/8)/((-3)/(-8)). Suppose h*o - 8 = -0. What are the prime factors of o?
2
Let l(v) = -v + 6. Let r(g) = -2*g + 11. Let c(n) = -11*l(n) + 6*r(n). Let p be c(-5). Suppose -4 - 6 = -p*b. What are the prime factors of b?
2
Let y(l) = 2*l**2 + 3*l + 26. What are the prime factors of y(-12)?
2, 139
List the prime factors of 147 + 0 + 0/(-8).
3, 7
Suppose 0*p - p + 4 = 0. Suppose p = 4*b + 16. List the prime factors of -5 - -2 - b - -18.
2, 3
Let h = -219 + 433. What are the prime factors of h?
2, 10